{"id":399,"date":"2024-10-18T17:45:24","date_gmt":"2024-10-18T15:45:24","guid":{"rendered":"https:\/\/dev-werss.com\/?page_id=399"},"modified":"2024-10-21T08:17:48","modified_gmt":"2024-10-21T06:17:48","slug":"soins-des-jardins","status":"publish","type":"page","link":"https:\/\/dev-werss.com\/?page_id=399","title":{"rendered":"Soins des jardins"},"content":{"rendered":"\t\t<div data-elementor-type=\"wp-page\" data-elementor-id=\"399\" class=\"elementor elementor-399\" data-elementor-post-type=\"page\">\n\t\t\t\t<div class=\"elementor-element elementor-element-e98e6ec e-flex e-con-boxed elementor-invisible e-con e-parent\" data-id=\"e98e6ec\" data-element_type=\"container\" data-settings=\"{&quot;background_background&quot;:&quot;classic&quot;,&quot;animation&quot;:&quot;fadeInDown&quot;}\">\n\t\t\t\t\t<div class=\"e-con-inner\">\n\t\t<div class=\"elementor-element elementor-element-67d606d e-con-full e-flex e-con e-child\" data-id=\"67d606d\" data-element_type=\"container\" data-settings=\"{&quot;background_background&quot;:&quot;classic&quot;}\">\n\t\t\t\t<div class=\"elementor-element elementor-element-5364982 elementor-widget elementor-widget-spacer\" data-id=\"5364982\" data-element_type=\"widget\" data-widget_type=\"spacer.default\">\n\t\t\t\t<div class=\"elementor-widget-container\">\n\t\t\t\t\t<div class=\"elementor-spacer\">\n\t\t\t<div class=\"elementor-spacer-inner\"><\/div>\n\t\t<\/div>\n\t\t\t\t<\/div>\n\t\t\t\t<\/div>\n\t\t\t\t<div class=\"elementor-element elementor-element-8257073 elementor-align-center elementor-widget elementor-widget-button\" data-id=\"8257073\" data-element_type=\"widget\" data-widget_type=\"button.default\">\n\t\t\t\t<div class=\"elementor-widget-container\">\n\t\t\t\t\t<div class=\"elementor-button-wrapper\">\n\t\t\t<a class=\"elementor-button elementor-button-link elementor-size-sm\" href=\"#\">\n\t\t\t\t\t\t<span class=\"elementor-button-content-wrapper\">\n\t\t\t\t\t\t\t\t\t<span class=\"elementor-button-text\">Soins des jardins<\/span>\n\t\t\t\t\t<\/span>\n\t\t\t\t\t<\/a>\n\t\t<\/div>\n\t\t\t\t<\/div>\n\t\t\t\t<\/div>\n\t\t\t\t<div class=\"elementor-element elementor-element-1f686da elementor-widget elementor-widget-spacer\" data-id=\"1f686da\" data-element_type=\"widget\" data-widget_type=\"spacer.default\">\n\t\t\t\t<div class=\"elementor-widget-container\">\n\t\t\t\t\t<div class=\"elementor-spacer\">\n\t\t\t<div class=\"elementor-spacer-inner\"><\/div>\n\t\t<\/div>\n\t\t\t\t<\/div>\n\t\t\t\t<\/div>\n\t\t\t\t<\/div>\n\t\t\t\t\t<\/div>\n\t\t\t\t<\/div>\n\t\t<div class=\"elementor-element elementor-element-325b4a8 e-con-full e-flex e-con e-parent\" data-id=\"325b4a8\" data-element_type=\"container\" data-settings=\"{&quot;position&quot;:&quot;fixed&quot;,&quot;animation_mobile&quot;:&quot;fadeInRight&quot;}\">\n\t\t\t\t<div class=\"elementor-element elementor-element-6bc2371 elementor-align-right elementor-mobile-align-right elementor-widget elementor-widget-button\" data-id=\"6bc2371\" data-element_type=\"widget\" data-widget_type=\"button.default\">\n\t\t\t\t<div class=\"elementor-widget-container\">\n\t\t\t\t\t<div class=\"elementor-button-wrapper\">\n\t\t\t<a class=\"elementor-button elementor-button-link elementor-size-sm\" href=\"https:\/\/www.pepinieres-duchesne.fr\">\n\t\t\t\t\t\t<span class=\"elementor-button-content-wrapper\">\n\t\t\t\t\t\t\t\t\t<span class=\"elementor-button-text\">CATALOGUE <BR>COMMANDE <BR>EN LIGNE<\/span>\n\t\t\t\t\t<\/span>\n\t\t\t\t\t<\/a>\n\t\t<\/div>\n\t\t\t\t<\/div>\n\t\t\t\t<\/div>\n\t\t\t\t<\/div>\n\t\t<div class=\"elementor-element elementor-element-c632ad8 e-flex e-con-boxed elementor-invisible e-con e-parent\" data-id=\"c632ad8\" data-element_type=\"container\" data-settings=\"{&quot;animation&quot;:&quot;fadeInDown&quot;}\">\n\t\t\t\t\t<div class=\"e-con-inner\">\n\t\t<div class=\"elementor-element elementor-element-11fa837 e-con-full e-flex e-con e-child\" data-id=\"11fa837\" data-element_type=\"container\">\n\t\t\t\t<div class=\"elementor-element elementor-element-42ba0a0 elementor-widget elementor-widget-heading\" data-id=\"42ba0a0\" data-element_type=\"widget\" data-widget_type=\"heading.default\">\n\t\t\t\t<div class=\"elementor-widget-container\">\n\t\t\t<h2 class=\"elementor-heading-title elementor-size-default\">DES PROFESSIONNELS\n<br>DU PAYSAGE \u00c0 VOTRE SERVICE<\/h2>\t\t<\/div>\n\t\t\t\t<\/div>\n\t\t\t\t<div class=\"elementor-element elementor-element-d0a8212 elementor-widget elementor-widget-text-editor\" data-id=\"d0a8212\" data-element_type=\"widget\" data-widget_type=\"text-editor.default\">\n\t\t\t\t<div class=\"elementor-widget-container\">\n\t\t\t\t\t\t\tAvec notre service \u00ab soins des jardins \u00bb, nous mettons \u00e0 votre disposition une \u00e9quipe de jardiniers professionnels et passionn\u00e9s, pr\u00eats \u00e0 sublimer votre espace ext\u00e9rieur.\n<br>\nDe l&rsquo;entretien des gazons \u00e0 la taille des arbustes en passant par l&rsquo;entretien de massifs, d&rsquo;une d\u00e9marche raisonn\u00e9e \u00e0 une approche naturelle, nos \u00e9quipes sauront r\u00e9pondre \u00e0 vos besoins et vous accompagner pour repenser votre jardin !\t\t\t\t\t\t<\/div>\n\t\t\t\t<\/div>\n\t\t\t\t<\/div>\n\t\t\t\t\t<\/div>\n\t\t\t\t<\/div>\n\t\t<div class=\"elementor-element elementor-element-75a7aa7 e-flex e-con-boxed elementor-invisible e-con e-parent\" data-id=\"75a7aa7\" data-element_type=\"container\" data-settings=\"{&quot;animation&quot;:&quot;fadeInUp&quot;}\">\n\t\t\t\t\t<div class=\"e-con-inner\">\n\t\t<div class=\"elementor-element elementor-element-9a6e9f1 e-con-full e-flex e-con e-child\" data-id=\"9a6e9f1\" data-element_type=\"container\" data-settings=\"{&quot;background_background&quot;:&quot;classic&quot;}\">\n\t\t\t\t<\/div>\n\t\t<div class=\"elementor-element elementor-element-d6a2bd8 e-con-full e-flex e-con e-child\" data-id=\"d6a2bd8\" data-element_type=\"container\">\n\t\t\t\t<div class=\"elementor-element elementor-element-48ee62e elementor-widget elementor-widget-heading\" data-id=\"48ee62e\" data-element_type=\"widget\" data-widget_type=\"heading.default\">\n\t\t\t\t<div class=\"elementor-widget-container\">\n\t\t\t<h2 class=\"elementor-heading-title elementor-size-default\">NOS PRESTATIONS<\/h2>\t\t<\/div>\n\t\t\t\t<\/div>\n\t\t\t\t<div class=\"elementor-element elementor-element-bb030ba elementor-widget elementor-widget-text-editor\" data-id=\"bb030ba\" data-element_type=\"widget\" data-widget_type=\"text-editor.default\">\n\t\t\t\t<div class=\"elementor-widget-container\">\n\t\t\t\t\t\t\t\u2022 La tonte et l&rsquo;entretien des gazons.\n<br>\n\u2022 Le d\u00e9broussaillage.\n<br>\n\u2022 La taille et l&rsquo;entretien des arbustes, haies et fruitiers.\n<br>\n\u2022 La taille et soins aux arbres (travaux non autoris\u00e9s dans le cadre du \u00ab service \u00e0 la personne \u00bb)\n<br>\n\u2022 La pr\u00e9paration du potager, b\u00eachage, binage.\n<br>\n\u2022 Le ramassage des feuilles.\n<br>\n\u2022 Les petits arrachages et \u00e9vacuation de v\u00e9g\u00e9taux.\n<br>\n<br>A L&rsquo;entretien des all\u00e9es et terrasses avec le nettoyage par brossage \u00e9cologique.\n<br>\n<br>POUR VOTRE JARDIN PENSEZ \u00ab SERVICE A LA PERSONNE \u00bb\n<br>\n<br>\nFaire appel \u00e0 une entreprise du paysage, c&rsquo;est l&rsquo;assurance de b\u00e9n\u00e9ficier de service de qualit\u00e9 et d\u00e9fiscalis\u00e9 ! En effet les petits travaux de jardinage vous donnent droit \u00e0 une d\u00e9duction fiscale sous forme d&rsquo;un cr\u00e9dit d&rsquo;imp\u00f4ts \u00e9gale \u00e0 50% du montant de vos d\u00e9penses et cet avantage \u00e9volue !\nVous pouvez d\u00e9sormais b\u00e9n\u00e9ficier de votre cr\u00e9dit d&rsquo;imp\u00f4t au moment de la d\u00e9pense, sans attendre l&rsquo;ann\u00e9e suivante !\n<br>\n<br>\nPour plus d&rsquo;informations et connaitre les modalit\u00e9s sur le cr\u00e9dit d&rsquo;imp\u00f4ts et le service Avanc imm\u00e9diate, contactez-nous ou rendez-vous sur :\n<br>\n<a href=\"https:\/\/www.urssaf.fr\/accueil\/services\/services-particuliers\/service-avance-immediate.html\" rel=\"noopener\" target=\"_blank\">https:\/\/www.urssaf.fr\/accueil\/services\/services-particuliers\/service-avance-immediate.html<\/a>\n<br>\n<br>\nFaites confiance \u00e0 notre expertise et profitez pleinement de votre jardin sans vous soucier de l&rsquo;entretien. Contactez-nous d\u00e8s aujourd&rsquo;hui pour b\u00e9n\u00e9ficier de nos services sur-mesure et offrir \u00e0 votre jardin tout le soin qu&rsquo;il m\u00e9rite.\t\t\t\t\t\t<\/div>\n\t\t\t\t<\/div>\n\t\t\t\t<\/div>\n\t\t\t\t\t<\/div>\n\t\t\t\t<\/div>\n\t\t<div class=\"elementor-element elementor-element-d20402c e-flex e-con-boxed elementor-invisible e-con e-parent\" data-id=\"d20402c\" data-element_type=\"container\" data-settings=\"{&quot;background_background&quot;:&quot;classic&quot;,&quot;animation&quot;:&quot;fadeIn&quot;}\">\n\t\t\t\t\t<div class=\"e-con-inner\">\n\t\t<div class=\"elementor-element elementor-element-52321cb e-con-full e-flex e-con e-child\" data-id=\"52321cb\" data-element_type=\"container\" data-settings=\"{&quot;background_background&quot;:&quot;classic&quot;}\">\n\t\t\t\t<div class=\"elementor-element elementor-element-e15b90c elementor-widget elementor-widget-spacer\" data-id=\"e15b90c\" data-element_type=\"widget\" data-widget_type=\"spacer.default\">\n\t\t\t\t<div class=\"elementor-widget-container\">\n\t\t\t\t\t<div class=\"elementor-spacer\">\n\t\t\t<div class=\"elementor-spacer-inner\"><\/div>\n\t\t<\/div>\n\t\t\t\t<\/div>\n\t\t\t\t<\/div>\n\t\t\t\t<div class=\"elementor-element elementor-element-c47f9d4 elementor-align-center elementor-widget elementor-widget-button\" data-id=\"c47f9d4\" data-element_type=\"widget\" data-widget_type=\"button.default\">\n\t\t\t\t<div class=\"elementor-widget-container\">\n\t\t\t\t\t<div class=\"elementor-button-wrapper\">\n\t\t\t<a class=\"elementor-button elementor-button-link elementor-size-sm\" href=\"https:\/\/dev-werss.com\/?page_id=297\">\n\t\t\t\t\t\t<span class=\"elementor-button-content-wrapper\">\n\t\t\t\t\t\t\t\t\t<span class=\"elementor-button-text\">VOUS AVEZ UN PROJET ?<\/span>\n\t\t\t\t\t<\/span>\n\t\t\t\t\t<\/a>\n\t\t<\/div>\n\t\t\t\t<\/div>\n\t\t\t\t<\/div>\n\t\t\t\t<div class=\"elementor-element elementor-element-3c403a0 elementor-widget elementor-widget-spacer\" data-id=\"3c403a0\" data-element_type=\"widget\" data-widget_type=\"spacer.default\">\n\t\t\t\t<div class=\"elementor-widget-container\">\n\t\t\t\t\t<div class=\"elementor-spacer\">\n\t\t\t<div class=\"elementor-spacer-inner\"><\/div>\n\t\t<\/div>\n\t\t\t\t<\/div>\n\t\t\t\t<\/div>\n\t\t\t\t<\/div>\n\t\t\t\t\t<\/div>\n\t\t\t\t<\/div>\n\t\t\t\t<\/div>\n\t\t","protected":false},"excerpt":{"rendered":"<p>CATALOGUE COMMANDE EN LIGNE DES PROFESSIONNELS DU PAYSAGE \u00c0 VOTRE SERVICE Avec notre service \u00ab soins des jardins \u00bb, nous mettons \u00e0 votre disposition une \u00e9quipe de jardiniers professionnels et passionn\u00e9s, pr\u00eats \u00e0 sublimer votre espace ext\u00e9rieur. De l&rsquo;entretien des gazons \u00e0 la taille des arbustes en passant par l&rsquo;entretien de massifs, d&rsquo;une d\u00e9marche raisonn\u00e9e [&hellip;]<\/p>\n","protected":false},"author":1,"featured_media":401,"parent":0,"menu_order":0,"comment_status":"closed","ping_status":"closed","template":"","meta":{"footnotes":""},"class_list":["post-399","page","type-page","status-publish","has-post-thumbnail","hentry"],"yoast_head":"<!-- This site is optimized with the Yoast SEO plugin v23.6 - https:\/\/yoast.com\/wordpress\/plugins\/seo\/ -->\n<title>Soins des Jardins | Duchesne Jardins<\/title>\n<meta name=\"description\" content=\"Duchesne Jardins propose des services complets d&#039;entretien de jardins : tonte, taille, d\u00e9broussaillage et soins des v\u00e9g\u00e9taux.\" \/>\n<meta name=\"robots\" content=\"noindex, follow, max-snippet:-1, max-image-preview:large, max-video-preview:-1\" \/>\n<meta property=\"og:locale\" content=\"fr_FR\" \/>\n<meta property=\"og:type\" content=\"article\" \/>\n<meta property=\"og:title\" content=\"Soins des Jardins | Duchesne Jardins\" \/>\n<meta property=\"og:description\" content=\"Duchesne Jardins propose des services complets d&#039;entretien de jardins : tonte, taille, d\u00e9broussaillage et soins des v\u00e9g\u00e9taux.\" \/>\n<meta property=\"og:url\" content=\"https:\/\/dev-werss.com\/?page_id=399\" \/>\n<meta property=\"og:site_name\" content=\"Duschene Jardins\" \/>\n<meta property=\"article:modified_time\" content=\"2024-10-21T06:17:48+00:00\" \/>\n<meta property=\"og:image\" content=\"https:\/\/dev-werss.com\/wp-content\/uploads\/2024\/10\/Duchesne-PEPINIERES-3.webp\" \/>\n\t<meta property=\"og:image:width\" content=\"1072\" \/>\n\t<meta property=\"og:image:height\" content=\"752\" \/>\n\t<meta property=\"og:image:type\" content=\"image\/webp\" \/>\n<meta name=\"twitter:card\" content=\"summary_large_image\" \/>\n<meta name=\"twitter:label1\" content=\"Dur\u00e9e de lecture estim\u00e9e\" \/>\n\t<meta name=\"twitter:data1\" content=\"2 minutes\" \/>\n<script type=\"application\/ld+json\" class=\"yoast-schema-graph\">{\"@context\":\"https:\/\/schema.org\",\"@graph\":[{\"@type\":\"WebPage\",\"@id\":\"https:\/\/dev-werss.com\/?page_id=399\",\"url\":\"https:\/\/dev-werss.com\/?page_id=399\",\"name\":\"Soins des Jardins | Duchesne Jardins\",\"isPartOf\":{\"@id\":\"https:\/\/dev-werss.com\/#website\"},\"primaryImageOfPage\":{\"@id\":\"https:\/\/dev-werss.com\/?page_id=399#primaryimage\"},\"image\":{\"@id\":\"https:\/\/dev-werss.com\/?page_id=399#primaryimage\"},\"thumbnailUrl\":\"https:\/\/dev-werss.com\/wp-content\/uploads\/2024\/10\/Duchesne-PEPINIERES-3.webp\",\"datePublished\":\"2024-10-18T15:45:24+00:00\",\"dateModified\":\"2024-10-21T06:17:48+00:00\",\"description\":\"Duchesne Jardins propose des services complets d'entretien de jardins : tonte, taille, d\u00e9broussaillage et soins des v\u00e9g\u00e9taux.\",\"breadcrumb\":{\"@id\":\"https:\/\/dev-werss.com\/?page_id=399#breadcrumb\"},\"inLanguage\":\"fr-FR\",\"potentialAction\":[{\"@type\":\"ReadAction\",\"target\":[\"https:\/\/dev-werss.com\/?page_id=399\"]}]},{\"@type\":\"ImageObject\",\"inLanguage\":\"fr-FR\",\"@id\":\"https:\/\/dev-werss.com\/?page_id=399#primaryimage\",\"url\":\"https:\/\/dev-werss.com\/wp-content\/uploads\/2024\/10\/Duchesne-PEPINIERES-3.webp\",\"contentUrl\":\"https:\/\/dev-werss.com\/wp-content\/uploads\/2024\/10\/Duchesne-PEPINIERES-3.webp\",\"width\":1072,\"height\":752},{\"@type\":\"BreadcrumbList\",\"@id\":\"https:\/\/dev-werss.com\/?page_id=399#breadcrumb\",\"itemListElement\":[{\"@type\":\"ListItem\",\"position\":1,\"name\":\"Accueil\",\"item\":\"https:\/\/dev-werss.com\/\"},{\"@type\":\"ListItem\",\"position\":2,\"name\":\"Soins des jardins\"}]},{\"@type\":\"WebSite\",\"@id\":\"https:\/\/dev-werss.com\/#website\",\"url\":\"https:\/\/dev-werss.com\/\",\"name\":\"Duschene Jardins\",\"description\":\"\",\"potentialAction\":[{\"@type\":\"SearchAction\",\"target\":{\"@type\":\"EntryPoint\",\"urlTemplate\":\"https:\/\/dev-werss.com\/?s={search_term_string}\"},\"query-input\":{\"@type\":\"PropertyValueSpecification\",\"valueRequired\":true,\"valueName\":\"search_term_string\"}}],\"inLanguage\":\"fr-FR\"}]}<\/script>\n<!-- \/ Yoast SEO plugin. -->","yoast_head_json":{"title":"Soins des Jardins | Duchesne Jardins","description":"Duchesne Jardins propose des services complets d'entretien de jardins : tonte, taille, d\u00e9broussaillage et soins des v\u00e9g\u00e9taux.","robots":{"index":"noindex","follow":"follow","max-snippet":"max-snippet:-1","max-image-preview":"max-image-preview:large","max-video-preview":"max-video-preview:-1"},"og_locale":"fr_FR","og_type":"article","og_title":"Soins des Jardins | Duchesne Jardins","og_description":"Duchesne Jardins propose des services complets d'entretien de jardins : tonte, taille, d\u00e9broussaillage et soins des v\u00e9g\u00e9taux.","og_url":"https:\/\/dev-werss.com\/?page_id=399","og_site_name":"Duschene Jardins","article_modified_time":"2024-10-21T06:17:48+00:00","og_image":[{"width":1072,"height":752,"url":"https:\/\/dev-werss.com\/wp-content\/uploads\/2024\/10\/Duchesne-PEPINIERES-3.webp","type":"image\/webp"}],"twitter_card":"summary_large_image","twitter_misc":{"Dur\u00e9e de lecture estim\u00e9e":"2 minutes"},"schema":{"@context":"https:\/\/schema.org","@graph":[{"@type":"WebPage","@id":"https:\/\/dev-werss.com\/?page_id=399","url":"https:\/\/dev-werss.com\/?page_id=399","name":"Soins des Jardins | Duchesne Jardins","isPartOf":{"@id":"https:\/\/dev-werss.com\/#website"},"primaryImageOfPage":{"@id":"https:\/\/dev-werss.com\/?page_id=399#primaryimage"},"image":{"@id":"https:\/\/dev-werss.com\/?page_id=399#primaryimage"},"thumbnailUrl":"https:\/\/dev-werss.com\/wp-content\/uploads\/2024\/10\/Duchesne-PEPINIERES-3.webp","datePublished":"2024-10-18T15:45:24+00:00","dateModified":"2024-10-21T06:17:48+00:00","description":"Duchesne Jardins propose des services complets d'entretien de jardins : tonte, taille, d\u00e9broussaillage et soins des v\u00e9g\u00e9taux.","breadcrumb":{"@id":"https:\/\/dev-werss.com\/?page_id=399#breadcrumb"},"inLanguage":"fr-FR","potentialAction":[{"@type":"ReadAction","target":["https:\/\/dev-werss.com\/?page_id=399"]}]},{"@type":"ImageObject","inLanguage":"fr-FR","@id":"https:\/\/dev-werss.com\/?page_id=399#primaryimage","url":"https:\/\/dev-werss.com\/wp-content\/uploads\/2024\/10\/Duchesne-PEPINIERES-3.webp","contentUrl":"https:\/\/dev-werss.com\/wp-content\/uploads\/2024\/10\/Duchesne-PEPINIERES-3.webp","width":1072,"height":752},{"@type":"BreadcrumbList","@id":"https:\/\/dev-werss.com\/?page_id=399#breadcrumb","itemListElement":[{"@type":"ListItem","position":1,"name":"Accueil","item":"https:\/\/dev-werss.com\/"},{"@type":"ListItem","position":2,"name":"Soins des jardins"}]},{"@type":"WebSite","@id":"https:\/\/dev-werss.com\/#website","url":"https:\/\/dev-werss.com\/","name":"Duschene Jardins","description":"","potentialAction":[{"@type":"SearchAction","target":{"@type":"EntryPoint","urlTemplate":"https:\/\/dev-werss.com\/?s={search_term_string}"},"query-input":{"@type":"PropertyValueSpecification","valueRequired":true,"valueName":"search_term_string"}}],"inLanguage":"fr-FR"}]}},"_links":{"self":[{"href":"https:\/\/dev-werss.com\/index.php?rest_route=\/wp\/v2\/pages\/399"}],"collection":[{"href":"https:\/\/dev-werss.com\/index.php?rest_route=\/wp\/v2\/pages"}],"about":[{"href":"https:\/\/dev-werss.com\/index.php?rest_route=\/wp\/v2\/types\/page"}],"author":[{"embeddable":true,"href":"https:\/\/dev-werss.com\/index.php?rest_route=\/wp\/v2\/users\/1"}],"replies":[{"embeddable":true,"href":"https:\/\/dev-werss.com\/index.php?rest_route=%2Fwp%2Fv2%2Fcomments&post=399"}],"version-history":[{"count":44,"href":"https:\/\/dev-werss.com\/index.php?rest_route=\/wp\/v2\/pages\/399\/revisions"}],"predecessor-version":[{"id":1394,"href":"https:\/\/dev-werss.com\/index.php?rest_route=\/wp\/v2\/pages\/399\/revisions\/1394"}],"wp:featuredmedia":[{"embeddable":true,"href":"https:\/\/dev-werss.com\/index.php?rest_route=\/wp\/v2\/media\/401"}],"wp:attachment":[{"href":"https:\/\/dev-werss.com\/index.php?rest_route=%2Fwp%2Fv2%2Fmedia&parent=399"}],"curies":[{"name":"wp","href":"https:\/\/api.w.org\/{rel}","templated":true}]}}