{"id":621,"date":"2024-10-18T22:12:40","date_gmt":"2024-10-18T20:12:40","guid":{"rendered":"https:\/\/dev-werss.com\/?page_id=621"},"modified":"2024-10-19T16:23:35","modified_gmt":"2024-10-19T14:23:35","slug":"actualites-duchesne","status":"publish","type":"page","link":"https:\/\/dev-werss.com\/?page_id=621","title":{"rendered":"Actualit\u00e9s"},"content":{"rendered":"\t\t<div data-elementor-type=\"wp-page\" data-elementor-id=\"621\" class=\"elementor elementor-621\" data-elementor-post-type=\"page\">\n\t\t\t\t<div class=\"elementor-element elementor-element-166165d e-flex e-con-boxed elementor-invisible e-con e-parent\" data-id=\"166165d\" data-element_type=\"container\" data-settings=\"{&quot;background_background&quot;:&quot;classic&quot;,&quot;animation&quot;:&quot;fadeInDown&quot;}\">\n\t\t\t\t\t<div class=\"e-con-inner\">\n\t\t<div class=\"elementor-element elementor-element-38d7613 e-con-full e-flex e-con e-child\" data-id=\"38d7613\" data-element_type=\"container\" data-settings=\"{&quot;background_background&quot;:&quot;classic&quot;}\">\n\t\t\t\t<div class=\"elementor-element elementor-element-8300dec elementor-widget elementor-widget-spacer\" data-id=\"8300dec\" data-element_type=\"widget\" data-widget_type=\"spacer.default\">\n\t\t\t\t<div class=\"elementor-widget-container\">\n\t\t\t\t\t<div class=\"elementor-spacer\">\n\t\t\t<div class=\"elementor-spacer-inner\"><\/div>\n\t\t<\/div>\n\t\t\t\t<\/div>\n\t\t\t\t<\/div>\n\t\t\t\t<div class=\"elementor-element elementor-element-a652944 elementor-align-center elementor-widget elementor-widget-button\" data-id=\"a652944\" data-element_type=\"widget\" data-widget_type=\"button.default\">\n\t\t\t\t<div class=\"elementor-widget-container\">\n\t\t\t\t\t<div class=\"elementor-button-wrapper\">\n\t\t\t<a class=\"elementor-button elementor-button-link elementor-size-sm\" href=\"#\">\n\t\t\t\t\t\t<span class=\"elementor-button-content-wrapper\">\n\t\t\t\t\t\t\t\t\t<span class=\"elementor-button-text\">Actualit\u00e9s<\/span>\n\t\t\t\t\t<\/span>\n\t\t\t\t\t<\/a>\n\t\t<\/div>\n\t\t\t\t<\/div>\n\t\t\t\t<\/div>\n\t\t\t\t<div class=\"elementor-element elementor-element-6aa237f elementor-widget elementor-widget-spacer\" data-id=\"6aa237f\" data-element_type=\"widget\" data-widget_type=\"spacer.default\">\n\t\t\t\t<div class=\"elementor-widget-container\">\n\t\t\t\t\t<div class=\"elementor-spacer\">\n\t\t\t<div class=\"elementor-spacer-inner\"><\/div>\n\t\t<\/div>\n\t\t\t\t<\/div>\n\t\t\t\t<\/div>\n\t\t\t\t<\/div>\n\t\t\t\t\t<\/div>\n\t\t\t\t<\/div>\n\t\t<div class=\"elementor-element elementor-element-14f769a e-con-full e-flex e-con e-parent\" data-id=\"14f769a\" data-element_type=\"container\" data-settings=\"{&quot;position&quot;:&quot;fixed&quot;,&quot;animation_mobile&quot;:&quot;fadeInRight&quot;}\">\n\t\t\t\t<div class=\"elementor-element elementor-element-5e9d4a2 elementor-align-right elementor-mobile-align-right elementor-widget elementor-widget-button\" data-id=\"5e9d4a2\" data-element_type=\"widget\" data-widget_type=\"button.default\">\n\t\t\t\t<div class=\"elementor-widget-container\">\n\t\t\t\t\t<div class=\"elementor-button-wrapper\">\n\t\t\t<a class=\"elementor-button elementor-button-link elementor-size-sm\" href=\"https:\/\/www.pepinieres-duchesne.fr\">\n\t\t\t\t\t\t<span class=\"elementor-button-content-wrapper\">\n\t\t\t\t\t\t\t\t\t<span class=\"elementor-button-text\">CATALOGUE <BR>COMMANDE <BR>EN LIGNE<\/span>\n\t\t\t\t\t<\/span>\n\t\t\t\t\t<\/a>\n\t\t<\/div>\n\t\t\t\t<\/div>\n\t\t\t\t<\/div>\n\t\t\t\t<\/div>\n\t\t<div class=\"elementor-element elementor-element-75a7aa7 e-flex e-con-boxed elementor-invisible e-con e-parent\" data-id=\"75a7aa7\" data-element_type=\"container\" data-settings=\"{&quot;animation&quot;:&quot;fadeInUp&quot;}\">\n\t\t\t\t\t<div class=\"e-con-inner\">\n\t\t<div class=\"elementor-element elementor-element-9a6e9f1 e-con-full e-flex e-con e-child\" data-id=\"9a6e9f1\" data-element_type=\"container\">\n\t\t\t\t<div class=\"elementor-element elementor-element-05da609 elementor-widget elementor-widget-image\" data-id=\"05da609\" data-element_type=\"widget\" data-widget_type=\"image.default\">\n\t\t\t\t<div class=\"elementor-widget-container\">\n\t\t\t\t\t\t\t\t\t\t\t\t\t<img fetchpriority=\"high\" decoding=\"async\" width=\"1582\" height=\"1146\" src=\"https:\/\/dev-werss.com\/wp-content\/uploads\/2024\/10\/Duchesne-ACTUALITES.png\" class=\"attachment-full size-full wp-image-636\" alt=\"\" srcset=\"https:\/\/dev-werss.com\/wp-content\/uploads\/2024\/10\/Duchesne-ACTUALITES.png 1582w, https:\/\/dev-werss.com\/wp-content\/uploads\/2024\/10\/Duchesne-ACTUALITES-300x217.png 300w, https:\/\/dev-werss.com\/wp-content\/uploads\/2024\/10\/Duchesne-ACTUALITES-1024x742.png 1024w, https:\/\/dev-werss.com\/wp-content\/uploads\/2024\/10\/Duchesne-ACTUALITES-768x556.png 768w, https:\/\/dev-werss.com\/wp-content\/uploads\/2024\/10\/Duchesne-ACTUALITES-1536x1113.png 1536w\" sizes=\"(max-width: 1582px) 100vw, 1582px\" \/>\t\t\t\t\t\t\t\t\t\t\t\t\t<\/div>\n\t\t\t\t<\/div>\n\t\t\t\t<\/div>\n\t\t<div class=\"elementor-element elementor-element-d6a2bd8 e-con-full e-flex e-con e-child\" data-id=\"d6a2bd8\" data-element_type=\"container\">\n\t\t\t\t<div class=\"elementor-element elementor-element-48ee62e elementor-widget elementor-widget-heading\" data-id=\"48ee62e\" data-element_type=\"widget\" data-widget_type=\"heading.default\">\n\t\t\t\t<div class=\"elementor-widget-container\">\n\t\t\t<h2 class=\"elementor-heading-title elementor-size-default\">PORTES OUVERTES\n<\/h2>\t\t<\/div>\n\t\t\t\t<\/div>\n\t\t\t\t<div class=\"elementor-element elementor-element-bb030ba elementor-widget elementor-widget-text-editor\" data-id=\"bb030ba\" data-element_type=\"widget\" data-widget_type=\"text-editor.default\">\n\t\t\t\t<div class=\"elementor-widget-container\">\n\t\t\t\t\t\t\tSamedi 19 et dimanche 20 octobre, les p\u00e9pini\u00e8res Duchesne \u00e0 Flagey vous invitent \u00e0 f\u00eater l\u2019automne.\n<BR>\n\nDeux jours non-stop de 9h \u00e0 18h, avec d\u00e9monstration de taille \u00e0 15h.Plantez d\u00e8s \u00e0 pr\u00e9sent vos arbres et arbustes pour en profiter d\u00e8s l\u2019\u00e9t\u00e9 prochain !\n<BR>\nProfitez des nombreuses promotions mais \u00e9galement un large choix de plantes pour la Toussaint.\nDimanche d\u00e8s 9h, march\u00e9 Paysan avec une quinzaine de producteurs locaux :\n<BR><BR>\n\u2022 Aromacomtois : produits \u00e0 base d\u2019huiles essentielles des montagnes du jura\n<BR>\n\u2022 J\u00e9r\u00f4me Crauser : saucissons et morilles\n<BR>\n\u2022 La Fruiti\u00e8re du pays de Courbet : comt\u00e9, morbier, mont d\u2019or, terrines, biscuits sal\u00e9s\u2026.\n<BR>\n\u2022 Jean-Claude Gallois : vin du jura bio\n<BR>\n\u2022 La Brasserie du champs de coucous : bi\u00e8res\n<BR>\n\u2022 L\u2019escargot du lison : escargots et pr\u00e9parations\n<BR>\n\u2022 La ferme du lison : fromages et produits laitiers\n<BR>\n\u2022 ch\u00e8vres et vaches\n<BR>\n\u2022 Le fournils des loups : pains et viennoiseries\n<BR>\n\u2022 Aqua \u00e7a pousse : champignons\n<BR>\n\u2022 La ferme des granges : viande de veau et lait entier\n<BR>\n\u2022 La boubotte : Tisane, confiture, sirop\nLe miel Coulet : miel\t\t\t\t\t\t<\/div>\n\t\t\t\t<\/div>\n\t\t\t\t<\/div>\n\t\t\t\t\t<\/div>\n\t\t\t\t<\/div>\n\t\t<div class=\"elementor-element elementor-element-c6b2c6f e-flex e-con-boxed elementor-invisible e-con e-parent\" data-id=\"c6b2c6f\" data-element_type=\"container\" data-settings=\"{&quot;background_background&quot;:&quot;classic&quot;,&quot;animation&quot;:&quot;fadeIn&quot;}\">\n\t\t\t\t\t<div class=\"e-con-inner\">\n\t\t<div class=\"elementor-element elementor-element-d419699 e-con-full e-flex e-con e-child\" data-id=\"d419699\" data-element_type=\"container\" data-settings=\"{&quot;background_background&quot;:&quot;classic&quot;}\">\n\t\t\t\t<div class=\"elementor-element elementor-element-353574e elementor-widget elementor-widget-spacer\" data-id=\"353574e\" data-element_type=\"widget\" data-widget_type=\"spacer.default\">\n\t\t\t\t<div class=\"elementor-widget-container\">\n\t\t\t\t\t<div class=\"elementor-spacer\">\n\t\t\t<div class=\"elementor-spacer-inner\"><\/div>\n\t\t<\/div>\n\t\t\t\t<\/div>\n\t\t\t\t<\/div>\n\t\t\t\t<div class=\"elementor-element elementor-element-b097fcc elementor-align-center elementor-widget elementor-widget-button\" data-id=\"b097fcc\" data-element_type=\"widget\" data-widget_type=\"button.default\">\n\t\t\t\t<div class=\"elementor-widget-container\">\n\t\t\t\t\t<div class=\"elementor-button-wrapper\">\n\t\t\t<a class=\"elementor-button elementor-button-link elementor-size-sm\" href=\"https:\/\/dev-werss.com\/?page_id=297\">\n\t\t\t\t\t\t<span class=\"elementor-button-content-wrapper\">\n\t\t\t\t\t\t\t\t\t<span class=\"elementor-button-text\">VOUS AVEZ UN PROJET ?<\/span>\n\t\t\t\t\t<\/span>\n\t\t\t\t\t<\/a>\n\t\t<\/div>\n\t\t\t\t<\/div>\n\t\t\t\t<\/div>\n\t\t\t\t<div class=\"elementor-element elementor-element-05a3f16 elementor-widget elementor-widget-spacer\" data-id=\"05a3f16\" data-element_type=\"widget\" data-widget_type=\"spacer.default\">\n\t\t\t\t<div class=\"elementor-widget-container\">\n\t\t\t\t\t<div class=\"elementor-spacer\">\n\t\t\t<div class=\"elementor-spacer-inner\"><\/div>\n\t\t<\/div>\n\t\t\t\t<\/div>\n\t\t\t\t<\/div>\n\t\t\t\t<\/div>\n\t\t\t\t\t<\/div>\n\t\t\t\t<\/div>\n\t\t\t\t<\/div>\n\t\t","protected":false},"excerpt":{"rendered":"<p>CATALOGUE COMMANDE EN LIGNE PORTES OUVERTES Samedi 19 et dimanche 20 octobre, les p\u00e9pini\u00e8res Duchesne \u00e0 Flagey vous invitent \u00e0 f\u00eater l\u2019automne. Deux jours non-stop de 9h \u00e0 18h, avec d\u00e9monstration de taille \u00e0 15h.Plantez d\u00e8s \u00e0 pr\u00e9sent vos arbres et arbustes pour en profiter d\u00e8s l\u2019\u00e9t\u00e9 prochain ! Profitez des nombreuses promotions mais \u00e9galement [&hellip;]<\/p>\n","protected":false},"author":1,"featured_media":298,"parent":0,"menu_order":0,"comment_status":"closed","ping_status":"closed","template":"","meta":{"footnotes":""},"class_list":["post-621","page","type-page","status-publish","has-post-thumbnail","hentry"],"yoast_head":"<!-- This site is optimized with the Yoast SEO plugin v23.6 - https:\/\/yoast.com\/wordpress\/plugins\/seo\/ -->\n<title>Actualit\u00e9s et \u00c9v\u00e9nements | Duchesne Jardins<\/title>\n<meta name=\"description\" content=\"Restez inform\u00e9 des actualit\u00e9s et \u00e9v\u00e9nements de Duchesne Jardins : portes ouvertes, promotions et conseils d&#039;am\u00e9nagement.\" \/>\n<meta name=\"robots\" content=\"noindex, follow, max-snippet:-1, max-image-preview:large, max-video-preview:-1\" \/>\n<meta property=\"og:locale\" content=\"fr_FR\" \/>\n<meta property=\"og:type\" content=\"article\" \/>\n<meta property=\"og:title\" content=\"Actualit\u00e9s et \u00c9v\u00e9nements | Duchesne Jardins\" \/>\n<meta property=\"og:description\" content=\"Restez inform\u00e9 des actualit\u00e9s et \u00e9v\u00e9nements de Duchesne Jardins : portes ouvertes, promotions et conseils d&#039;am\u00e9nagement.\" \/>\n<meta property=\"og:url\" content=\"https:\/\/dev-werss.com\/?page_id=621\" \/>\n<meta property=\"og:site_name\" content=\"Duschene Jardins\" \/>\n<meta property=\"article:modified_time\" content=\"2024-10-19T14:23:35+00:00\" \/>\n<meta property=\"og:image\" content=\"https:\/\/dev-werss.com\/wp-content\/uploads\/2024\/10\/Duchesne-AMENAGEMENTS-3.webp\" \/>\n\t<meta property=\"og:image:width\" content=\"1072\" \/>\n\t<meta property=\"og:image:height\" content=\"752\" \/>\n\t<meta property=\"og:image:type\" content=\"image\/webp\" \/>\n<meta name=\"twitter:card\" content=\"summary_large_image\" \/>\n<meta name=\"twitter:label1\" content=\"Dur\u00e9e de lecture estim\u00e9e\" \/>\n\t<meta name=\"twitter:data1\" content=\"2 minutes\" \/>\n<script type=\"application\/ld+json\" class=\"yoast-schema-graph\">{\"@context\":\"https:\/\/schema.org\",\"@graph\":[{\"@type\":\"WebPage\",\"@id\":\"https:\/\/dev-werss.com\/?page_id=621\",\"url\":\"https:\/\/dev-werss.com\/?page_id=621\",\"name\":\"Actualit\u00e9s et \u00c9v\u00e9nements | Duchesne Jardins\",\"isPartOf\":{\"@id\":\"https:\/\/dev-werss.com\/#website\"},\"primaryImageOfPage\":{\"@id\":\"https:\/\/dev-werss.com\/?page_id=621#primaryimage\"},\"image\":{\"@id\":\"https:\/\/dev-werss.com\/?page_id=621#primaryimage\"},\"thumbnailUrl\":\"https:\/\/dev-werss.com\/wp-content\/uploads\/2024\/10\/Duchesne-AMENAGEMENTS-3.webp\",\"datePublished\":\"2024-10-18T20:12:40+00:00\",\"dateModified\":\"2024-10-19T14:23:35+00:00\",\"description\":\"Restez inform\u00e9 des actualit\u00e9s et \u00e9v\u00e9nements de Duchesne Jardins : portes ouvertes, promotions et conseils d'am\u00e9nagement.\",\"breadcrumb\":{\"@id\":\"https:\/\/dev-werss.com\/?page_id=621#breadcrumb\"},\"inLanguage\":\"fr-FR\",\"potentialAction\":[{\"@type\":\"ReadAction\",\"target\":[\"https:\/\/dev-werss.com\/?page_id=621\"]}]},{\"@type\":\"ImageObject\",\"inLanguage\":\"fr-FR\",\"@id\":\"https:\/\/dev-werss.com\/?page_id=621#primaryimage\",\"url\":\"https:\/\/dev-werss.com\/wp-content\/uploads\/2024\/10\/Duchesne-AMENAGEMENTS-3.webp\",\"contentUrl\":\"https:\/\/dev-werss.com\/wp-content\/uploads\/2024\/10\/Duchesne-AMENAGEMENTS-3.webp\",\"width\":1072,\"height\":752},{\"@type\":\"BreadcrumbList\",\"@id\":\"https:\/\/dev-werss.com\/?page_id=621#breadcrumb\",\"itemListElement\":[{\"@type\":\"ListItem\",\"position\":1,\"name\":\"Accueil\",\"item\":\"https:\/\/dev-werss.com\/\"},{\"@type\":\"ListItem\",\"position\":2,\"name\":\"Actualit\u00e9s\"}]},{\"@type\":\"WebSite\",\"@id\":\"https:\/\/dev-werss.com\/#website\",\"url\":\"https:\/\/dev-werss.com\/\",\"name\":\"Duschene Jardins\",\"description\":\"\",\"potentialAction\":[{\"@type\":\"SearchAction\",\"target\":{\"@type\":\"EntryPoint\",\"urlTemplate\":\"https:\/\/dev-werss.com\/?s={search_term_string}\"},\"query-input\":{\"@type\":\"PropertyValueSpecification\",\"valueRequired\":true,\"valueName\":\"search_term_string\"}}],\"inLanguage\":\"fr-FR\"}]}<\/script>\n<!-- \/ Yoast SEO plugin. -->","yoast_head_json":{"title":"Actualit\u00e9s et \u00c9v\u00e9nements | Duchesne Jardins","description":"Restez inform\u00e9 des actualit\u00e9s et \u00e9v\u00e9nements de Duchesne Jardins : portes ouvertes, promotions et conseils d'am\u00e9nagement.","robots":{"index":"noindex","follow":"follow","max-snippet":"max-snippet:-1","max-image-preview":"max-image-preview:large","max-video-preview":"max-video-preview:-1"},"og_locale":"fr_FR","og_type":"article","og_title":"Actualit\u00e9s et \u00c9v\u00e9nements | Duchesne Jardins","og_description":"Restez inform\u00e9 des actualit\u00e9s et \u00e9v\u00e9nements de Duchesne Jardins : portes ouvertes, promotions et conseils d'am\u00e9nagement.","og_url":"https:\/\/dev-werss.com\/?page_id=621","og_site_name":"Duschene Jardins","article_modified_time":"2024-10-19T14:23:35+00:00","og_image":[{"width":1072,"height":752,"url":"https:\/\/dev-werss.com\/wp-content\/uploads\/2024\/10\/Duchesne-AMENAGEMENTS-3.webp","type":"image\/webp"}],"twitter_card":"summary_large_image","twitter_misc":{"Dur\u00e9e de lecture estim\u00e9e":"2 minutes"},"schema":{"@context":"https:\/\/schema.org","@graph":[{"@type":"WebPage","@id":"https:\/\/dev-werss.com\/?page_id=621","url":"https:\/\/dev-werss.com\/?page_id=621","name":"Actualit\u00e9s et \u00c9v\u00e9nements | Duchesne Jardins","isPartOf":{"@id":"https:\/\/dev-werss.com\/#website"},"primaryImageOfPage":{"@id":"https:\/\/dev-werss.com\/?page_id=621#primaryimage"},"image":{"@id":"https:\/\/dev-werss.com\/?page_id=621#primaryimage"},"thumbnailUrl":"https:\/\/dev-werss.com\/wp-content\/uploads\/2024\/10\/Duchesne-AMENAGEMENTS-3.webp","datePublished":"2024-10-18T20:12:40+00:00","dateModified":"2024-10-19T14:23:35+00:00","description":"Restez inform\u00e9 des actualit\u00e9s et \u00e9v\u00e9nements de Duchesne Jardins : portes ouvertes, promotions et conseils d'am\u00e9nagement.","breadcrumb":{"@id":"https:\/\/dev-werss.com\/?page_id=621#breadcrumb"},"inLanguage":"fr-FR","potentialAction":[{"@type":"ReadAction","target":["https:\/\/dev-werss.com\/?page_id=621"]}]},{"@type":"ImageObject","inLanguage":"fr-FR","@id":"https:\/\/dev-werss.com\/?page_id=621#primaryimage","url":"https:\/\/dev-werss.com\/wp-content\/uploads\/2024\/10\/Duchesne-AMENAGEMENTS-3.webp","contentUrl":"https:\/\/dev-werss.com\/wp-content\/uploads\/2024\/10\/Duchesne-AMENAGEMENTS-3.webp","width":1072,"height":752},{"@type":"BreadcrumbList","@id":"https:\/\/dev-werss.com\/?page_id=621#breadcrumb","itemListElement":[{"@type":"ListItem","position":1,"name":"Accueil","item":"https:\/\/dev-werss.com\/"},{"@type":"ListItem","position":2,"name":"Actualit\u00e9s"}]},{"@type":"WebSite","@id":"https:\/\/dev-werss.com\/#website","url":"https:\/\/dev-werss.com\/","name":"Duschene Jardins","description":"","potentialAction":[{"@type":"SearchAction","target":{"@type":"EntryPoint","urlTemplate":"https:\/\/dev-werss.com\/?s={search_term_string}"},"query-input":{"@type":"PropertyValueSpecification","valueRequired":true,"valueName":"search_term_string"}}],"inLanguage":"fr-FR"}]}},"_links":{"self":[{"href":"https:\/\/dev-werss.com\/index.php?rest_route=\/wp\/v2\/pages\/621"}],"collection":[{"href":"https:\/\/dev-werss.com\/index.php?rest_route=\/wp\/v2\/pages"}],"about":[{"href":"https:\/\/dev-werss.com\/index.php?rest_route=\/wp\/v2\/types\/page"}],"author":[{"embeddable":true,"href":"https:\/\/dev-werss.com\/index.php?rest_route=\/wp\/v2\/users\/1"}],"replies":[{"embeddable":true,"href":"https:\/\/dev-werss.com\/index.php?rest_route=%2Fwp%2Fv2%2Fcomments&post=621"}],"version-history":[{"count":30,"href":"https:\/\/dev-werss.com\/index.php?rest_route=\/wp\/v2\/pages\/621\/revisions"}],"predecessor-version":[{"id":1351,"href":"https:\/\/dev-werss.com\/index.php?rest_route=\/wp\/v2\/pages\/621\/revisions\/1351"}],"wp:featuredmedia":[{"embeddable":true,"href":"https:\/\/dev-werss.com\/index.php?rest_route=\/wp\/v2\/media\/298"}],"wp:attachment":[{"href":"https:\/\/dev-werss.com\/index.php?rest_route=%2Fwp%2Fv2%2Fmedia&parent=621"}],"curies":[{"name":"wp","href":"https:\/\/api.w.org\/{rel}","templated":true}]}}